t o(g) = -g**3 - 55546*g**2 - 222170*g - 7. What is o(-4)?
1
Let v(x) = -4*x**2 + 19*x - 7. What is v(4)?
5
Let b(d) = 4*d**2 - 99*d - 923. Determine b(-8).
125
Let x(u) = -u**2 + 1026*u + 15688. Determine x(-15).
73
Let l(y) = 761*y + 147814. Determine l(-195).
-581
Let o(s) = 1653*s - 3827. What is o(4)?
2785
Let r(n) = -8*n**3 + 93*n**2 + 22*n + 35. What is r(12)?
-133
Let t(p) = -103*p**2 + 6178*p + 71. What is t(60)?
-49
Let f(p) = -46*p + 397. Determine f(-11).
903
Let o(a) = -36*a**3 - a**2 - a - 4. Calculate o(2).
-298
Let f(d) = -106*d**2 - 3637*d - 1122. Calculate f(-34).
0
Let g(s) = s**2 - 6214*s + 387520. Calculate g(63).
7
Let c(s) = -686*s + 15437. Determine c(22).
345
Let b(u) = -u**2 + 58790*u + 176382. Give b(-3).
3
Let o(u) = 72*u**3 - 8812*u + 8811. What is o(1)?
71
Let c(i) = -8*i**2 - 168*i - 729. Calculate c(-6).
-9
Let n(j) = -j**2 + 824*j + 139422. Determine n(-144).
30
Let b(d) = -45753*d + 5078560. Determine b(111).
-23
Let q(f) = 10*f**2 - 3638*f - 37395. Give q(-10).
-15
Let r(q) = 254*q - 8085. Determine r(32).
43
Let r(a) = a**3 - 69*a**2 + 773*a + 20. What is r(55)?
185
Let d(h) = -2591*h + 20734. Give d(8).
6
Let g(j) = 19*j**2 - 19468*j + 831036. What is g(980)?
-4
Let j(z) = -5763*z - 22990. Give j(-4).
62
Let q(k) = -7*k**2 - 615*k - 2377. Calculate q(-4).
-29
Let v(x) = 2*x**3 + 35*x**2 - 670*x + 472. Calculate v(11).
-1
Let v(q) = 10*q**2 - 16*q - 50. Calculate v(-9).
904
Let x(s) = -s**3 - 445*s**2 - 2242*s - 18467. Give x(-440).
13
Let t(x) = -6670*x - 213179. What is t(-32)?
261
Let n(k) = -k**2 + 2216*k - 548593. Give n(284).
95
Let y(m) = -73*m**3 - m**2 - 49*m - 49. What is y(-1)?
72
Let g(u) = -3*u**3 + 43*u**2 - 202*u - 27. Determine g(12).
-1443
Let k(v) = 28382*v + 624398. Calculate k(-22).
-6
Let m(h) = 2*h**3 + 17*h**2 + 20*h + 4. Calculate m(-7).
11
Let s(y) = -2*y**3 + 309*y**2 - 4510*y - 6072. Determine s(138).
0
Let z(y) = 4*y**3 - 67*y**2 + 600*y - 7495. What is z(15)?
-70
Let u(l) = 160731*l - 4339727. Give u(27).
10
Let c(i) = -140*i**2 - 8402*i - 147. Determine c(-60).
-27
Let r(i) = -683*i**2 + 142*i + 25. What is r(2)?
-2423
Let c(y) = -80746*y + 403725. Calculate c(5).
-5
Let n(p) = p**2 - 1353*p - 17590. Give n(-13).
168
Let o(z) = 3*z**3 - 24*z**2 - 212*z - 89. What is o(-5)?
-4
Let n(b) = -38017*b + 912393. Calculate n(24).
-15
Let y(o) = -26*o**2 - 4030*o + 4065. Give y(-156).
9
Let q(u) = 820*u - 11588. Calculate q(15).
712
Let j(y) = 6*y**3 + 4*y**2 + 7606*y + 3. Give j(0).
3
Let j(m) = -2*m**2 + 97*m + 855. What is j(-7)?
78
Let d(i) = -20912*i + 1024691. Give d(49).
3
Let k(q) = 196*q**2 + 15288*q - 4. What is k(-78)?
-4
Let f(z) = -z - 1381. Determine f(-36).
-1345
Let v(k) = -220*k + 97780. Determine v(443).
320
Let a(v) = 39507*v + 553089. Determine a(-14).
-9
Let x(t) = -t**3 - 64*t**2 - 962*t + 98. What is x(-40)?
178
Let v(b) = 2*b**2 + 76*b - 24570. Give v(93).
-204
Let m(h) = -h**3 - 156*h**2 - 318*h - 1910. What is m(-154)?
-370
Let z(f) = -f**3 + 14*f**2 + 43*f - 413. Calculate z(15).
7
Let g(p) = -1828*p + 27448. What is g(15)?
28
Let r(d) = -d**3 + 90*d**2 - 153*d + 13808. Determine r(90).
38
Let q(w) = -w**3 + 9*w**2 - 4*w - 100. What is q(6)?
-16
Let c(u) = -2*u**2 - 3873*u - 30903. Determine c(-8).
-47
Let v(s) = -48966*s + 342599. Determine v(7).
-163
Let o(i) = 2*i**3 - 42*i**2 + 175*i + 58. Give o(15).
-17
Let r(h) = 297*h**2 - 26051*h - 7499. Calculate r(88).
-19
Let s(r) = -1842*r - 29487. Calculate s(-16).
-15
Let k(w) = 10403*w - 280546. What is k(27)?
335
Let g(k) = -363*k - 67292. What is g(-186)?
226
Let k(d) = -2*d**3 - 606*d**2 - 1865*d + 2163. Determine k(-4).
55
Let h(l) = -l**3 - 14*l**2 + 269*l + 507. Calculate h(12).
-9
Let u(v) = -2*v**3 + 5*v**2 + 9207*v - 36790. Determine u(4).
-10
Let n(h) = 6*h**2 + 69*h - 398467. Give n(252).
-55
Let g(r) = -48*r + 1988. What is g(36)?
260
Let g(h) = -9*h**2 - 92*h - 679. What is g(-7)?
-476
Let f(p) = -2*p**2 + 32116*p + 1158775. Determine f(-36).
7
Let y(h) = 10*h**2 + 1094*h - 81796. Calculate y(51).
8
Let g(k) = 217*k**2 - 156*k + 2. Calculate g(0).
2
Let z(x) = 24*x**2 + 1049*x + 634. What is z(-34)?
-7288
Let y(u) = -u**2 + 7486*u - 224320. Determine y(30).
-640
Let q(v) = 14*v**2 + 2521*v + 2534. Determine q(-1).
27
Let l(p) = 318*p + 1917. Determine l(-6).
9
Let b(u) = 4*u**3 - 537*u**2 - 373*u - 4350. Determine b(135).
-30
Let j(t) = 154*t - 13849. Calculate j(93).
473
Let d(n) = -n**3 + 21*n**2 - 109*n + 110. Determine d(14).
-44
Let b(t) = t**3 + 236*t**2 + 13735*t + 4778. Give b(-133).
-10
Let r(f) = 17345*f - 2064061. What is r(119)?
-6
Let z(m) = 6*m**2 - 462*m + 12593. What is z(28)?
4361
Let j(c) = 343*c - 10777. Give j(42).
3629
Let c(i) = -5*i**3 + 195*i**2 - 1351*i + 15. Give c(30).
-15
Let p(o) = -89*o + 1775. Calculate p(20).
-5
Let o(c) = -c**3 + 65*c**2 + 1303*c + 7471. What is o(82)?
9
Let o(l) = 51413*l + 514130. Calculate o(-10).
0
Let u(x) = -x**3 - 212*x**2 - 624*x + 714. What is u(-209)?
87
Let f(q) = q**3 - 27*q**2 - 260*q + 8105. Calculate f(23).
9
Let o(q) = -572*q**2 - 23*q + 29. Determine o(2).
-2305
Let o(g) = 25253*g - 555554. What is o(22)?
12
Let d(k) = -2*k**2 - 20687*k - 206683. Give d(-10).
-13
Let w(z) = 7*z**2 - 1462*z + 15182. Give w(11).
-53
Let u(t) = -20*t**3 + 15719*t**2 + 775*t + 8644. Give u(786).
-2
Let n(h) = 11*h**3 + 13137*h**2 + 13135*h - 4. Determine n(-1).
-13
Let a(h) = -h**2 - 199*h + 58489. What is a(162)?
7
Let s(l) = -l**3 + 462*l**2 - 4072*l - 2031. Calculate s(453).
234
Let z(k) = 64*k**3 + 131*k**2 - 761*k - 1525. Determine z(-2).
9
Let b(w) = 7*w**3 - 57*w**2 - 61*w - 13. Determine b(9).
-76
Let o(y) = 13763*y - 123799. What is o(9)?
68
Let m(o) = -66*o + 612. Determine m(13).
-246
Let c(x) = 112146*x + 336451. Determine c(-3).
13
Let u(r) = -r**3 - 63*r**2 - 173*r + 487. Determine u(-60).
67
Let h(w) = -159*w + 15397. Calculate h(110).
-2093
Let k(v) = 642*v**2 - 2028*v + 287. Calculate k(3).
-19
Let z(s) = 3*s**2 + 7919*s + 5206773. Determine z(-1240).
13
Let t(o) = 3644*o - 207726. What is t(57)?
-18
Let s(r) = -467*r - 30406. Determine s(-63).
-985
Let h(l) = -11*l**2 + 3377*l + 10213. What is h(310)?
-17
Let h(q) = 613*q + 6719. What is h(-11)?
-24
Let s(u) = 55*u**2 + 846*u - 15954. Give s(11).
7
Let n(v) = -88508*v - 973589. Calculate n(-11).
-1
Let z(y) = y**3 - 10*y**2 - 7317*y + 73121. What is z(10)?
-49
Let n(l) = 379156*l + 5687337. What is n(-15)?
-3
Let k(l) = 50*l**2 + 206*l - 1017. What is k(-7)?
-9
Let a(o) = 601856*o + 1805563. What is a(-3)?
-5
Let r(q) = 2*q**2 + 50977*q - 1428955. Give r(28).
-31
Let u(w) = w**3 + 251*w**2 + 740*w - 295. Give u(-248).
697
Let k(m) = 30*m + 7728. What is k(-234)?
708
Let l(s) = -2357*s - 1345839. Give l(-571).
8
Let l(m) = 2*m**3 + 57*m**2 - 8*m - 405. Give l(-28).
603
Let m(t) = 2*t**3 + 287*t**2 - 142*t - 868. What is m(-144)?
-1156
Let k(f) = f**3 + 50*f**2 + 595*f - 281. Calculate k(-26).
473
Let g(s) = 5*s**2 - 41*s - 1105. Give g(-19).
1479
Let n(o) = 8953*o - 71566. Give n(8).
58
Let o(r) = -11*r**3 - 8*r**2 + 3*r + 62. What is o(-3)?
278
Let y(r) = 2*r**2 - 560*r - 101252. Calculate y(405).
-2
Let f(c) = 18805*c + 4099491. Determine f(-218).
1
Let n(t) = -282*t - 37892. Give n(-133).
-386
Let j(f) = 73605*f + 4857924. Determine j(-66).
-6
Let r(o) = 2*o**3 - 511*o**2 - 487*o + 58853. Calculate r(256).
-283
Let k(b) = b**3 - 455*b**2 + 2723*b - 168. Determine k(6).
6
Let r(b) = -64*b - 8542. Determine r(-171).
2402
Let g(b) = 10*b**3 - 208*b**2 - 638*b - 4. Determine g(-3).
-232
Let j(l) = 14*l**3 - 169*l**2 - 112*l - 755. Calculate j(13).
-14
Let x(w) = -2*w**3 + 75*w**2 + 16*w + 513. Calculate x(38).
-323
Let i(x) = 82*x**2 + 676*x - 683. Give i(1).
75
Let h(s) = 5*s**3 + 55*s**2 + 140*s + 10. Calculate h(-4).
10
Let y(r) = -r**3 - 427*r**2 - 449*r - 9745. Calculate y(-426).
53
Let o(a) = 2895*a - 176596. Calculate o(61).
-1
Let s(y) = 62*y + 6531. Determine s(-99).
393
Let j(f) = 11*f**3 + 685*f**2 - 501*f + 147. What is j(-63)?
-42
Let k(l) = -5*l**3 - 301*l**2 - 3029*l + 81. Give k(-13).
-426
Let g(x) = -557*x - 61785. What is g(-111)?
42
Let w(t) = 3*t**3 - 7329*t**2 - 29355*t - 10. What is w(-4)?
-46
Let x(f) = 3335*f + 83389. What is x(-25)?
14
Let o(w) = 8489*w - 840